o base 15.
7c0
-101022 (base 5) to base 10
-3262
211222 (base 3) to base 15
2b5
713 (base 9) to base 11
487
What is 1130301 (base 6) in base 12?
29991
What is 206245 (base 7) in base 6?
433431
Convert -361 (base 7) to base 16.
-be
Convert 4634 (base 7) to base 15.
77b
Convert 138e (base 15) to base 6.
31212
3211 (base 6) to base 7
2056
What is 7445 (base 9) in base 11?
4121
Convert 3449 (base 10) to base 8.
6571
What is -1115310 (base 6) in base 7?
-324645
Convert -1356 (base 11) to base 9.
-2360
Convert 359 (base 11) to base 10.
427
-10302211 (base 4) to base 14
-7217
What is 22e (base 16) in base 6?
2330
-112112 (base 4) to base 6
-10342
What is -597 (base 10) in base 15?
-29c
What is -203540 (base 6) in base 11?
-11363
-16 (base 16) to base 3
-211
What is 13321 (base 5) in base 15?
4c6
Convert -11734 (base 8) to base 2.
-1001111011100
Convert -9334 (base 10) to base 16.
-2476
101001010111 (base 2) to base 16
a57
What is 3204 (base 9) in base 12?
1441
4323 (base 7) to base 14
7ba
91ca (base 14) to base 12
12612
Convert 2330200 (base 4) to base 7.
50113
43423 (base 6) to base 5
142431
Convert 10b4 (base 12) to base 7.
5302
What is -1033 (base 6) in base 15?
-10c
Convert -140431 (base 7) to base 12.
-134b1
20021 (base 5) to base 12
891
-147346 (base 8) to base 4
-30323212
Convert 603 (base 15) to base 9.
1763
What is 206 (base 9) in base 14?
c0
Convert b8d (base 16) to base 5.
43312
Convert 484 (base 16) to base 10.
1156
What is -191a (base 14) in base 15?
-1522
Convert -34c (base 16) to base 11.
-6a8
118 (base 10) to base 4
1312
What is -111101000001 (base 2) in base 4?
-331001
-2ae (base 16) to base 5
-10221
Convert 440 (base 12) to base 6.
2520
-353 (base 9) to base 15
-146
What is 3726 (base 8) in base 12?
11b2
Convert 515410 (base 6) to base 16.
a1be
-10150 (base 7) to base 6
-15301
Convert 9722 (base 10) to base 13.
456b
What is -318 (base 15) in base 5?
-10243
Convert 2032 (base 5) to base 16.
10b
-661 (base 14) to base 4
-103231
What is -454 (base 10) in base 8?
-706
Convert -2022 (base 13) to base 3.
-20001210
What is dadc (base 15) in base 5?
2440312
-14325 (base 15) to base 10
-64835
Convert 3043 (base 5) to base 8.
616
1200110220 (base 3) to base 15
9c53
What is -3b8 (base 15) in base 8?
-1520
What is 83ca (base 14) in base 10?
22718
What is -1022112 (base 3) in base 2?
-1110111111
-4837 (base 9) to base 11
-2781
What is d3 (base 16) in base 8?
323
-4549 (base 14) to base 12
-6b59
213 (base 4) to base 7
54
-48c (base 15) to base 10
-1032
-156443 (base 7) to base 10
-31097
-1df (base 16) to base 2
-111011111
-2819 (base 10) to base 9
-3772
Convert 100010100110000 (base 2) to base 7.
102432
Convert -1155 (base 14) to base 4.
-233013
Convert -1517 (base 9) to base 10.
-1150
1b121 (base 12) to base 5
2234123
14a (base 14) to base 15
127
What is 12301 (base 4) in base 9?
531
What is 214 (base 11) in base 8?
401
Convert -7636 (base 14) to base 12.
-b9a8
Convert 1 (base 14) to base 11.
1
What is -502e (base 15) in base 10?
-16919
Convert -2113 (base 4) to base 3.
-12121
Convert 125360 (base 8) to base 13.
16bc2
Convert 1718 (base 10) to base 14.
8aa
Convert -102206 (base 7) to base 13.
-8018
What is -11210 (base 3) in base 14?
-93
Convert -3335 (base 10) to base 11.
-2562
-1003 (base 8) to base 15
-245
-4580 (base 9) to base 5
-102033
What is -14ae (base 15) in base 9?
-6072
-12020221 (base 4) to base 7
-133156
What is -22332 (base 7) in base 6?
-42110
What is 100111 (base 2) in base 11?
36
-110010011 (base 2) to base 3
-112221
What is 3217 (base 9) in base 16?
93d
What is 4b6c (base 13) in base 6?
121413
1001101101 (base 2) to base 3
212000
Convert e0b (base 15) to base 12.
19b5
Convert 14953 (base 10) to base 13.
6a63
What is 23230233 (base 4) in base 8?
135457
Convert -5046 (base 9) to base 13.
-18a8
What is 101202210 (base 3) in base 10?
7851
Convert 2a (base 12) to base 14.
26
-1276 (base 14) to base 13
-1623
What is -137 (base 12) in base 16?
-bb
Convert 3738 (base 9) to base 12.
1745
What is -13831 (base 11) in base 4?
-10302310
What is 1411 (base 14) in base 10?
3543
-1120112 (base 3) to base 4
-101330
-17062 (base 13) to base 4
-22233310
898d (base 15) to base 14
a8aa
29011 (base 13) to base 6
1352021
What is -1034 (base 8) in base 6?
-2300
1001011 (base 3) to base 8
1370
Convert -245251 (base 7) to base 12.
-220b7
What is 2bbf (base 16) in base 15?
34b9
What is -2818 (base 12) in base 3?
-20100102
-283 (base 15) to base 3
-210020
Convert -1039 (base 15) to base 16.
-d65
Convert 4401 (base 7) to base 4.
120201
What is 4553 (base 8) in base 15?
aab
What is -100011100101000 (base 2) in base 3?
-220222200
2424 (base 5) to base 15
194
What is 363 (base 14) in base 7?
1653
Convert b4 (base 12) to base 16.
88
What is -2121112 (base 4) in base 10?
-9814
112012111 (base 3) to base 13
4936
-2302 (base 6) to base 12
-392
-1d4 (base 14) to base 8
-576
Convert 479 (base 14) to base 7.
2412
What is -2610 (base 15) in base 4?
-1332303
-15635 (base 7) to base 9
-6068
-4941 (base 16) to base 6
-222453
Convert 13b1 (base 14) to base 12.
2027
What is -312312 (base 4) in base 9?
-4730
-11102011110 (base 3) to base 14
-23931
Convert -101011111 (base 2) to base 7.
-1011
524 (base 8) to base 16
154
-384 (base 16) to base 14
-484
283 (base 16) to base 15
2cd
Convert 10214 (base 8) to base 16.
108c
33626 (base 9) to base 3
1010200220
What is -23d (base 15) in base 9?
-624
234002 (base 5) to base 7
34103
Convert -29c (base 13) to base 15.
-212
-122602 (base 8) to base 6
-524054
Convert 10302 (base 5) to base 10.
702
Convert 2 (base 8) to base 5.
2
-136 (base 9) to base 10
-114
What is -1978 (base 10) in base 2?
-11110111010
43535 (base 6) to base 9
8245
Convert 407a (base 11) to base 13.
2603
What is -a7b9 (base 16) in base 8?
-123671
What is 582 (base 10) in base 4?
21012
-9c95 (base 14) to base 8
-65053
-1882 (base 12) to base 8
-5642
What is -bb63 (base 13) in base 15?
-7b07
-2244 (base 5) to base 9
-400
Convert 1fa (base 16) to base 14.
282
Convert -27b7 (base 15) to base 4.
-2010301
Convert -3570 (base 11) to base 12.
-2857
What is 2686 (base 12) in base 15?
149c
-31a9a (base 11) to base 8
-132755
Convert -226 (base 11) to base 5.
-2040
What is -101011001 (base 2) in base 6?
-1333
Convert 8022 (base 12) to base 15.
4185
Convert 1021101220 (base 3) to base 4.
12013320
What is 50a (base 13) in base 7?
2331
Convert -38d (base 15) to base 9.
-1087
Convert -2a60 (base 12) to base 7.
-20325
What is -8cba (base 14) in base 2?
-101111110010100
1211121 (base 3) to base 16
53b
What is -19 (base 15) in base 8?
-30
-31421 (base 5) to base 11
-164a
What is 11100001100 (base 2) in base 15?
804
-404 (base 7) to base 12
-148
5351 (base 7) to base 13
b30
-15686 (base 10) to base 9
-23458
Convert -110101 (base 3) to base 2.
-101001110
What is 25c2 (base 15) in base 5?
224212
Convert -401 (base 6) to base 9.
-171
1001011001010 (base 2) to base 4
1023022
-110312 (base 4) to base 7
-3614
1117 (base 15) to base 7
13363
What is -676 (base 9) in base 16?
-22b
123 (base 4) to base 8
33
-4eae (base 16) to base 3
-1000122000
-630 (base 12) to base 14
-484
10000001000011 (base 2) to base 9
12286
-3220 (base 6) to base 15
-33c
316612 (base 7) to base 4
31132033
-40141 (base 5) to base 2
-100111110010
-100220100 (base 3) to base 11
-5472
Convert ae03 (base 15) to base 11.
257a9
What is 32502 (base 7) in base 10?
8136
What is 13330 (base 11) in base 7?
106324
Convert -1d0e (base 15) to base 12.
-37a2
What is -3071 (base 11) in base 8?
-7747
Convert 220321 (base 4) to base 15.
b97
Convert 2106 (base 9) to base 7.
4335
-3346 (base 7) to base 14
-626
Convert -2646 (base 11) to base 16.
-d6e
-22194 (base 11) to base 12
-16748
What is 1332 (base 4) in base 3?
11200
What is -4207 (base 8) in base 14?
-b1d
What is -697 (base 10) in base 8?
-1271
42243 (base 5) to base 13
1392
What is -21340 (base 5) in base 15?
-680
-23596 (base 10) to base 14
-8856
Convert 10100 (base 4) to base 9.
332
What is -265d (base 15) in base 8?
-17774
What is -10111010 (base 2) in base 8?
-272
Convert 2628 (base 11) to base 3.
11200121
What is -2cb (base 14) in base 16?
-23b
What is 111110010 (base 2) in base 15?
233
191b (base 12) to base 6
22035
What is 1e7 (base 16) in base 8?
747
What is -103 (base 5)